{"id":31,"date":"2024-03-04T12:15:58","date_gmt":"2024-03-04T12:15:58","guid":{"rendered":"https:\/\/colproleon.es\/?page_id=31"},"modified":"2024-10-08T08:23:03","modified_gmt":"2024-10-08T08:23:03","slug":"junta-directiva","status":"publish","type":"page","link":"https:\/\/colproleon.es\/?page_id=31","title":{"rendered":"Junta Directiva"},"content":{"rendered":"\n<p>&nbsp;La Junta Directiva actualmente est\u00e1 compuesta por:<\/p>\n\n\n\n<p>La Junta Directiva actualmente est\u00e1 compuesta por:<br>\u2022 Presidencia: Colegio Oficial de Ingenieros T\u00e9cnicos Industriales de Le\u00f3n, Jos\u00e9 Antonio Cuba Cal<br>\u2022 Vicepresidencia: Ilustre Colegio Oficial de Abogados de Le\u00f3n, Fernando Rodr\u00edguez Santocildes<br>\u2022 Tesorero: Colegio Oficial de Arquitectos &#8211; Delegaci\u00f3n de Le\u00f3n, Esther Llorente L\u00f3pez<br>\u2022 Secretar\u00eda: Colegio Oficial Veterinarios de Le\u00f3n, Jes\u00fas Garc\u00eda Caballero<br>\u2022 Vocales:<br>1. Colegio Oficial de Aparejadores y Arquitectos T\u00e9cnicos de Le\u00f3n, Miguel \u00c1ngel Velasco Emperador<br>2. Colegio Oficial de Enfermer\u00eda de Le\u00f3n, Jos\u00e9 Luis P\u00e9rez Rodr\u00edguez<br>3. Colegio Oficial de Diplomados en Trabajo Social y Asistentes Sociales de Le\u00f3n, M\u00aa Ang\u00e9lica Cosmen Gonz\u00e1lez<\/p>\n\n\n\n<figure class=\"wp-block-image size-full\"><img loading=\"lazy\" decoding=\"async\" width=\"569\" height=\"252\" src=\"https:\/\/colproleon.es\/wp-content\/uploads\/2024\/10\/JD-Colproleon.png\" alt=\"\" class=\"wp-image-98\" srcset=\"https:\/\/colproleon.es\/wp-content\/uploads\/2024\/10\/JD-Colproleon.png 569w, https:\/\/colproleon.es\/wp-content\/uploads\/2024\/10\/JD-Colproleon-300x133.png 300w\" sizes=\"auto, (max-width: 569px) 85vw, 569px\" \/><\/figure>\n\n\n\n<p><\/p>\n","protected":false},"excerpt":{"rendered":"<p>&nbsp;La Junta Directiva actualmente est\u00e1 compuesta por: La Junta Directiva actualmente est\u00e1 compuesta por:\u2022 Presidencia: Colegio Oficial de Ingenieros T\u00e9cnicos Industriales de Le\u00f3n, Jos\u00e9 Antonio Cuba Cal\u2022 Vicepresidencia: Ilustre Colegio Oficial de Abogados de Le\u00f3n, Fernando Rodr\u00edguez Santocildes\u2022 Tesorero: Colegio Oficial de Arquitectos &#8211; Delegaci\u00f3n de Le\u00f3n, Esther Llorente L\u00f3pez\u2022 Secretar\u00eda: Colegio Oficial Veterinarios de &hellip; <a href=\"https:\/\/colproleon.es\/?page_id=31\" class=\"more-link\">Continuar leyendo<span class=\"screen-reader-text\"> \u00abJunta Directiva\u00bb<\/span><\/a><\/p>\n","protected":false},"author":1,"featured_media":0,"parent":0,"menu_order":0,"comment_status":"closed","ping_status":"closed","template":"","meta":{"footnotes":""},"class_list":["post-31","page","type-page","status-publish","hentry"],"yoast_head":"<!-- This site is optimized with the Yoast SEO plugin v27.5 - https:\/\/yoast.com\/product\/yoast-seo-wordpress\/ -->\n<title>Junta Directiva - COLPROLe\u00f3n<\/title>\n<meta name=\"robots\" content=\"index, follow, max-snippet:-1, max-image-preview:large, max-video-preview:-1\" \/>\n<link rel=\"canonical\" href=\"https:\/\/colproleon.es\/?page_id=31\" \/>\n<meta property=\"og:locale\" content=\"es_ES\" \/>\n<meta property=\"og:type\" content=\"article\" \/>\n<meta property=\"og:title\" content=\"Junta Directiva - COLPROLe\u00f3n\" \/>\n<meta property=\"og:description\" content=\"&nbsp;La Junta Directiva actualmente est\u00e1 compuesta por: La Junta Directiva actualmente est\u00e1 compuesta por:\u2022 Presidencia: Colegio Oficial de Ingenieros T\u00e9cnicos Industriales de Le\u00f3n, Jos\u00e9 Antonio Cuba Cal\u2022 Vicepresidencia: Ilustre Colegio Oficial de Abogados de Le\u00f3n, Fernando Rodr\u00edguez Santocildes\u2022 Tesorero: Colegio Oficial de Arquitectos &#8211; Delegaci\u00f3n de Le\u00f3n, Esther Llorente L\u00f3pez\u2022 Secretar\u00eda: Colegio Oficial Veterinarios de &hellip; Continuar leyendo &quot;Junta Directiva&quot;\" \/>\n<meta property=\"og:url\" content=\"https:\/\/colproleon.es\/?page_id=31\" \/>\n<meta property=\"og:site_name\" content=\"COLPROLe\u00f3n\" \/>\n<meta property=\"article:publisher\" content=\"https:\/\/www.facebook.com\/Colproleon\" \/>\n<meta property=\"article:modified_time\" content=\"2024-10-08T08:23:03+00:00\" \/>\n<meta property=\"og:image\" content=\"https:\/\/colproleon.es\/wp-content\/uploads\/2024\/10\/JD-Colproleon.png\" \/>\n<meta name=\"twitter:card\" content=\"summary_large_image\" \/>\n<meta name=\"twitter:site\" content=\"@colproleon\" \/>\n<meta name=\"twitter:label1\" content=\"Tiempo de lectura\" \/>\n\t<meta name=\"twitter:data1\" content=\"1 minuto\" \/>\n<script type=\"application\/ld+json\" class=\"yoast-schema-graph\">{\"@context\":\"https:\\\/\\\/schema.org\",\"@graph\":[{\"@type\":\"WebPage\",\"@id\":\"https:\\\/\\\/colproleon.es\\\/?page_id=31\",\"url\":\"https:\\\/\\\/colproleon.es\\\/?page_id=31\",\"name\":\"Junta Directiva - COLPROLe\u00f3n\",\"isPartOf\":{\"@id\":\"https:\\\/\\\/colproleon.es\\\/#website\"},\"primaryImageOfPage\":{\"@id\":\"https:\\\/\\\/colproleon.es\\\/?page_id=31#primaryimage\"},\"image\":{\"@id\":\"https:\\\/\\\/colproleon.es\\\/?page_id=31#primaryimage\"},\"thumbnailUrl\":\"https:\\\/\\\/colproleon.es\\\/wp-content\\\/uploads\\\/2024\\\/10\\\/JD-Colproleon.png\",\"datePublished\":\"2024-03-04T12:15:58+00:00\",\"dateModified\":\"2024-10-08T08:23:03+00:00\",\"breadcrumb\":{\"@id\":\"https:\\\/\\\/colproleon.es\\\/?page_id=31#breadcrumb\"},\"inLanguage\":\"es\",\"potentialAction\":[{\"@type\":\"ReadAction\",\"target\":[\"https:\\\/\\\/colproleon.es\\\/?page_id=31\"]}]},{\"@type\":\"ImageObject\",\"inLanguage\":\"es\",\"@id\":\"https:\\\/\\\/colproleon.es\\\/?page_id=31#primaryimage\",\"url\":\"https:\\\/\\\/colproleon.es\\\/wp-content\\\/uploads\\\/2024\\\/10\\\/JD-Colproleon.png\",\"contentUrl\":\"https:\\\/\\\/colproleon.es\\\/wp-content\\\/uploads\\\/2024\\\/10\\\/JD-Colproleon.png\",\"width\":569,\"height\":252},{\"@type\":\"BreadcrumbList\",\"@id\":\"https:\\\/\\\/colproleon.es\\\/?page_id=31#breadcrumb\",\"itemListElement\":[{\"@type\":\"ListItem\",\"position\":1,\"name\":\"Portada\",\"item\":\"https:\\\/\\\/colproleon.es\\\/\"},{\"@type\":\"ListItem\",\"position\":2,\"name\":\"Junta Directiva\"}]},{\"@type\":\"WebSite\",\"@id\":\"https:\\\/\\\/colproleon.es\\\/#website\",\"url\":\"https:\\\/\\\/colproleon.es\\\/\",\"name\":\"COLPROLe\u00f3n\",\"description\":\"Asociaci\u00f3n de Colegios Profesionales de Le\u00f3n\",\"publisher\":{\"@id\":\"https:\\\/\\\/colproleon.es\\\/#organization\"},\"potentialAction\":[{\"@type\":\"SearchAction\",\"target\":{\"@type\":\"EntryPoint\",\"urlTemplate\":\"https:\\\/\\\/colproleon.es\\\/?s={search_term_string}\"},\"query-input\":{\"@type\":\"PropertyValueSpecification\",\"valueRequired\":true,\"valueName\":\"search_term_string\"}}],\"inLanguage\":\"es\"},{\"@type\":\"Organization\",\"@id\":\"https:\\\/\\\/colproleon.es\\\/#organization\",\"name\":\"Asociaci\u00f3n de Colegios Profesionales de Le\u00f3n\",\"url\":\"https:\\\/\\\/colproleon.es\\\/\",\"logo\":{\"@type\":\"ImageObject\",\"inLanguage\":\"es\",\"@id\":\"https:\\\/\\\/colproleon.es\\\/#\\\/schema\\\/logo\\\/image\\\/\",\"url\":\"https:\\\/\\\/colproleon.es\\\/wp-content\\\/uploads\\\/2024\\\/03\\\/Logo-COLPROLEON.jpg\",\"contentUrl\":\"https:\\\/\\\/colproleon.es\\\/wp-content\\\/uploads\\\/2024\\\/03\\\/Logo-COLPROLEON.jpg\",\"width\":243,\"height\":206,\"caption\":\"Asociaci\u00f3n de Colegios Profesionales de Le\u00f3n\"},\"image\":{\"@id\":\"https:\\\/\\\/colproleon.es\\\/#\\\/schema\\\/logo\\\/image\\\/\"},\"sameAs\":[\"https:\\\/\\\/www.facebook.com\\\/Colproleon\",\"https:\\\/\\\/x.com\\\/colproleon\",\"https:\\\/\\\/www.instagram.com\\\/colproleon\\\/\",\"https:\\\/\\\/www.linkedin.com\\\/company\\\/47593616\\\/admin\\\/feed\\\/posts\\\/\",\"https:\\\/\\\/www.youtube.com\\\/@colproleon508\"]}]}<\/script>\n<!-- \/ Yoast SEO plugin. -->","yoast_head_json":{"title":"Junta Directiva - COLPROLe\u00f3n","robots":{"index":"index","follow":"follow","max-snippet":"max-snippet:-1","max-image-preview":"max-image-preview:large","max-video-preview":"max-video-preview:-1"},"canonical":"https:\/\/colproleon.es\/?page_id=31","og_locale":"es_ES","og_type":"article","og_title":"Junta Directiva - COLPROLe\u00f3n","og_description":"&nbsp;La Junta Directiva actualmente est\u00e1 compuesta por: La Junta Directiva actualmente est\u00e1 compuesta por:\u2022 Presidencia: Colegio Oficial de Ingenieros T\u00e9cnicos Industriales de Le\u00f3n, Jos\u00e9 Antonio Cuba Cal\u2022 Vicepresidencia: Ilustre Colegio Oficial de Abogados de Le\u00f3n, Fernando Rodr\u00edguez Santocildes\u2022 Tesorero: Colegio Oficial de Arquitectos &#8211; Delegaci\u00f3n de Le\u00f3n, Esther Llorente L\u00f3pez\u2022 Secretar\u00eda: Colegio Oficial Veterinarios de &hellip; Continuar leyendo \"Junta Directiva\"","og_url":"https:\/\/colproleon.es\/?page_id=31","og_site_name":"COLPROLe\u00f3n","article_publisher":"https:\/\/www.facebook.com\/Colproleon","article_modified_time":"2024-10-08T08:23:03+00:00","og_image":[{"url":"https:\/\/colproleon.es\/wp-content\/uploads\/2024\/10\/JD-Colproleon.png","type":"","width":"","height":""}],"twitter_card":"summary_large_image","twitter_site":"@colproleon","twitter_misc":{"Tiempo de lectura":"1 minuto"},"schema":{"@context":"https:\/\/schema.org","@graph":[{"@type":"WebPage","@id":"https:\/\/colproleon.es\/?page_id=31","url":"https:\/\/colproleon.es\/?page_id=31","name":"Junta Directiva - COLPROLe\u00f3n","isPartOf":{"@id":"https:\/\/colproleon.es\/#website"},"primaryImageOfPage":{"@id":"https:\/\/colproleon.es\/?page_id=31#primaryimage"},"image":{"@id":"https:\/\/colproleon.es\/?page_id=31#primaryimage"},"thumbnailUrl":"https:\/\/colproleon.es\/wp-content\/uploads\/2024\/10\/JD-Colproleon.png","datePublished":"2024-03-04T12:15:58+00:00","dateModified":"2024-10-08T08:23:03+00:00","breadcrumb":{"@id":"https:\/\/colproleon.es\/?page_id=31#breadcrumb"},"inLanguage":"es","potentialAction":[{"@type":"ReadAction","target":["https:\/\/colproleon.es\/?page_id=31"]}]},{"@type":"ImageObject","inLanguage":"es","@id":"https:\/\/colproleon.es\/?page_id=31#primaryimage","url":"https:\/\/colproleon.es\/wp-content\/uploads\/2024\/10\/JD-Colproleon.png","contentUrl":"https:\/\/colproleon.es\/wp-content\/uploads\/2024\/10\/JD-Colproleon.png","width":569,"height":252},{"@type":"BreadcrumbList","@id":"https:\/\/colproleon.es\/?page_id=31#breadcrumb","itemListElement":[{"@type":"ListItem","position":1,"name":"Portada","item":"https:\/\/colproleon.es\/"},{"@type":"ListItem","position":2,"name":"Junta Directiva"}]},{"@type":"WebSite","@id":"https:\/\/colproleon.es\/#website","url":"https:\/\/colproleon.es\/","name":"COLPROLe\u00f3n","description":"Asociaci\u00f3n de Colegios Profesionales de Le\u00f3n","publisher":{"@id":"https:\/\/colproleon.es\/#organization"},"potentialAction":[{"@type":"SearchAction","target":{"@type":"EntryPoint","urlTemplate":"https:\/\/colproleon.es\/?s={search_term_string}"},"query-input":{"@type":"PropertyValueSpecification","valueRequired":true,"valueName":"search_term_string"}}],"inLanguage":"es"},{"@type":"Organization","@id":"https:\/\/colproleon.es\/#organization","name":"Asociaci\u00f3n de Colegios Profesionales de Le\u00f3n","url":"https:\/\/colproleon.es\/","logo":{"@type":"ImageObject","inLanguage":"es","@id":"https:\/\/colproleon.es\/#\/schema\/logo\/image\/","url":"https:\/\/colproleon.es\/wp-content\/uploads\/2024\/03\/Logo-COLPROLEON.jpg","contentUrl":"https:\/\/colproleon.es\/wp-content\/uploads\/2024\/03\/Logo-COLPROLEON.jpg","width":243,"height":206,"caption":"Asociaci\u00f3n de Colegios Profesionales de Le\u00f3n"},"image":{"@id":"https:\/\/colproleon.es\/#\/schema\/logo\/image\/"},"sameAs":["https:\/\/www.facebook.com\/Colproleon","https:\/\/x.com\/colproleon","https:\/\/www.instagram.com\/colproleon\/","https:\/\/www.linkedin.com\/company\/47593616\/admin\/feed\/posts\/","https:\/\/www.youtube.com\/@colproleon508"]}]}},"_links":{"self":[{"href":"https:\/\/colproleon.es\/index.php?rest_route=\/wp\/v2\/pages\/31","targetHints":{"allow":["GET"]}}],"collection":[{"href":"https:\/\/colproleon.es\/index.php?rest_route=\/wp\/v2\/pages"}],"about":[{"href":"https:\/\/colproleon.es\/index.php?rest_route=\/wp\/v2\/types\/page"}],"author":[{"embeddable":true,"href":"https:\/\/colproleon.es\/index.php?rest_route=\/wp\/v2\/users\/1"}],"replies":[{"embeddable":true,"href":"https:\/\/colproleon.es\/index.php?rest_route=%2Fwp%2Fv2%2Fcomments&post=31"}],"version-history":[{"count":3,"href":"https:\/\/colproleon.es\/index.php?rest_route=\/wp\/v2\/pages\/31\/revisions"}],"predecessor-version":[{"id":99,"href":"https:\/\/colproleon.es\/index.php?rest_route=\/wp\/v2\/pages\/31\/revisions\/99"}],"wp:attachment":[{"href":"https:\/\/colproleon.es\/index.php?rest_route=%2Fwp%2Fv2%2Fmedia&parent=31"}],"curies":[{"name":"wp","href":"https:\/\/api.w.org\/{rel}","templated":true}]}}